{"id":1136,"date":"2022-07-19T00:04:16","date_gmt":"2022-07-19T00:04:16","guid":{"rendered":"http:\/\/localhost\/misscam\/?page_id=1136"},"modified":"2022-07-19T00:10:35","modified_gmt":"2022-07-19T00:10:35","slug":"comica-apropos","status":"publish","type":"page","link":"https:\/\/misscameroun.org\/index.php\/comica-apropos\/","title":{"rendered":"A Propos"},"content":{"rendered":"<p><strong>Miss Cameroun<\/strong> est comme son nom l&#8217;indique un \u00e9v\u00e8nement NATIONAL et PATRIOTIQUE par lequel nous c\u00e9l\u00e9brons une fois par an la jeune femme camerounaise pour son intelligence, sa beaut\u00e9 et ses valeurs. Et ce, depuis 18 ans; C&#8217;est aussi une plateforme de promotion importante de diffusion de la culture camerounaise dans le concert des nations civilis\u00e9es.<\/p>\n<h2>&nbsp;Vision et Missions<\/h2>\n<p>Note vision est de se positionner comme \u00e9tant la plateforme de r\u00e9f\u00e9rence nationale de comm\u00e9moration de la promotion de la jeune femme et de la culture camerounaise prestigieux du Cameroun. Il s&#8217;agit de faire de Miss Cameron un partenaire essentiel pour le d\u00e9veloppement de notre pays et rester un support de communication par excellence pour les organisations nationals et internationales.<\/p>\n","protected":false},"excerpt":{"rendered":"<p>Miss Cameroun est comme son nom l&#8217;indique un \u00e9v\u00e8nement NATIONAL et PATRIOTIQUE par lequel nous c\u00e9l\u00e9brons une fois par an la jeune femme camerounaise pour&hellip;<\/p>\n","protected":false},"author":1,"featured_media":1137,"parent":0,"menu_order":0,"comment_status":"closed","ping_status":"closed","template":"","meta":{"footnotes":""},"class_list":["post-1136","page","type-page","status-publish","has-post-thumbnail","hentry"],"_links":{"self":[{"href":"https:\/\/misscameroun.org\/index.php\/wp-json\/wp\/v2\/pages\/1136","targetHints":{"allow":["GET"]}}],"collection":[{"href":"https:\/\/misscameroun.org\/index.php\/wp-json\/wp\/v2\/pages"}],"about":[{"href":"https:\/\/misscameroun.org\/index.php\/wp-json\/wp\/v2\/types\/page"}],"author":[{"embeddable":true,"href":"https:\/\/misscameroun.org\/index.php\/wp-json\/wp\/v2\/users\/1"}],"replies":[{"embeddable":true,"href":"https:\/\/misscameroun.org\/index.php\/wp-json\/wp\/v2\/comments?post=1136"}],"version-history":[{"count":2,"href":"https:\/\/misscameroun.org\/index.php\/wp-json\/wp\/v2\/pages\/1136\/revisions"}],"predecessor-version":[{"id":1141,"href":"https:\/\/misscameroun.org\/index.php\/wp-json\/wp\/v2\/pages\/1136\/revisions\/1141"}],"wp:featuredmedia":[{"embeddable":true,"href":"https:\/\/misscameroun.org\/index.php\/wp-json\/wp\/v2\/media\/1137"}],"wp:attachment":[{"href":"https:\/\/misscameroun.org\/index.php\/wp-json\/wp\/v2\/media?parent=1136"}],"curies":[{"name":"wp","href":"https:\/\/api.w.org\/{rel}","templated":true}]}}