{"id":199,"date":"2018-02-28T07:02:35","date_gmt":"2018-02-28T07:02:35","guid":{"rendered":"http:\/\/offshorethemes.com\/demo\/sparkconstruction\/?page_id=199"},"modified":"2022-07-31T13:46:56","modified_gmt":"2022-07-31T13:46:56","slug":"about","status":"publish","type":"page","link":"https:\/\/misscameroun.org\/index.php\/about\/","title":{"rendered":"A Propos"},"content":{"rendered":"<div id=\"pl-gb199-69ee648b7bf23\"  class=\"panel-layout\" ><div id=\"pg-gb199-69ee648b7bf23-0\"  class=\"panel-grid panel-no-style\" ><div id=\"pgc-gb199-69ee648b7bf23-0-0\"  class=\"panel-grid-cell\" ><div id=\"panel-gb199-69ee648b7bf23-0-0-0\" class=\"so-panel widget widget_construction_light_aboutus panel-first-child\" data-index=\"0\" >            <section class=\"about_us_front\">\r\n                <div class=\"container\">\r\n                    <div class=\"row\">\r\n                        \r\n                                <div class=\"col-lg-5 col-md-5 col-sm-12\">\r\n                                    <img loading=\"lazy\" decoding=\"async\" width=\"308\" height=\"366\" src=\"https:\/\/misscameroun.org\/wp-content\/uploads\/2022\/07\/IMG_6979.jpg\" class=\"attachment-construction-light-aboutus size-construction-light-aboutus wp-post-image\" alt=\"\" srcset=\"https:\/\/misscameroun.org\/wp-content\/uploads\/2022\/07\/IMG_6979.jpg 308w, https:\/\/misscameroun.org\/wp-content\/uploads\/2022\/07\/IMG_6979-252x300.jpg 252w\" sizes=\"auto, (max-width: 308px) 100vw, 308px\" \/>                                <\/div>\r\n\r\n                                <div class=\"col-lg-7 col-md-7 col-sm-12\">\r\n\r\n                                    <h3>A Propos<\/h3>\r\n                                    \r\n                                    <p><strong>Miss Cameroun<\/strong> est comme son nom l&#8217;indique un \u00e9v\u00e8nement NATIONAL et PATRIOTIQUE par lequel nous c\u00e9l\u00e9brons une fois par an la jeune femme camerounaise pour son intelligence, sa beaut\u00e9 et ses valeurs. Et ce, depuis 18 ans; C&#8217;est aussi une plateforme de promotion importante de diffusion de la culture camerounaise dans le concert des nations civilis\u00e9es.<\/p>\n<h2>&nbsp;Vision et Missions<\/h2>\n<p>Note vision est de se positionner comme \u00e9tant la plateforme de r\u00e9f\u00e9rence nationale de comm\u00e9moration de la promotion de la jeune femme et de la culture camerounaise prestigieux du Cameroun. Il s&#8217;agit de faire de Miss Cameron un partenaire essentiel pour le d\u00e9veloppement de notre pays et rester un support de communication par excellence pour les organisations nationals et internationales.<\/p>\n                                        <div class=\"address-info\">\r\n                                            <ul>\r\n                                                \r\n                                                    <li>Email Us :                                                        <a href=\"mailto:'mi&#115;s&#099;am&#101;&#114;oun&#064;m&#105;ss&#099;&#097;mer&#111;u&#110;&#046;&#111;r&#103;\">misscameroun@misscameroun.org<\/a>\r\n                                                    <\/li>\r\n\r\n                                                \r\n                                                    <li>Contact Us :                                                        <a href=\"tel:'237656402637\">+237 6 56 40 26 37<\/a>\r\n                                                    <\/li>\r\n\r\n                                                                                            <\/ul>\r\n                                        <\/div>\r\n                                    \r\n                                    \r\n                                    <div class=\"achivement-items\">\r\n                                        <ul>\r\n                                                                                    <\/ul>\r\n                                    <\/div>\r\n\r\n                                <\/div>\r\n                            \r\n                    <\/div>\r\n                <\/div>\r\n            <\/section>\r\n            <\/div><div id=\"panel-gb199-69ee648b7bf23-0-0-1\" class=\"so-panel widget widget_construction_light_calltoaction\" data-index=\"1\" ><div class=\"parallax panel-widget-style panel-widget-style-for-gb199-69ee648b7bf23-0-0-1\" >                <div class=\"calltoaction_promo_wrapper\" style=\"background-image:url(https:\/\/misscameroun.org\/wp-content\/uploads\/2022\/07\/292501102_608896133931769_2392127752110567432_n.jpg);background-repeat:no-repeat;background-size:cover;background-attachment:fixed;background-position: center;\">\r\n                    <div class=\"container\">\r\n                        <div class=\"calltoaction_full_widget_content\">\r\n\r\n                            <h2 class=\"wow zoomIn\">Vous souhaitez devenir partenaire ou rejoindre la competition ?<\/h2>\r\n\r\n                            <div class=\"calltoaction_subtitle wow zoomIn\">\r\n                                <p><\/p>\r\n                            <\/div>\r\n                        <\/div>\r\n\r\n                        <div class=\"calltoaction_button_wrap\">\r\n                            <a href=\"#\" class=\"btn btn-primary wow fadeInLeft\">DEVENIR PARTENAIRE <i class=\"fas fa-arrow-right\"><\/i><\/a> <a href=\"#\" class=\"btn btn-border wow fadeInRight\">POSER MA CANDIDATURE <i class=\"fas fa-arrow-right\"><\/i><\/a>\r\n                        <\/div>\r\n                    <\/div>\r\n                <\/div>\r\n            <\/div><\/div><div id=\"panel-gb199-69ee648b7bf23-0-0-2\" class=\"so-panel widget widget_construction_light_counter panel-last-child\" data-index=\"2\" ><div class=\"parallax panel-widget-style panel-widget-style-for-gb199-69ee648b7bf23-0-0-2\" >            \r\n                <section class=\"cons_light_counter_wrap\" style=\"background-image:url(https:\/\/misscameroun.org\/wp-content\/uploads\/2022\/07\/2022-07-19-00.19.34-1.jpg);\">\r\n                    <div class=\"container\">\r\n\r\n                                    <div class=\"row\">\n\n                <div class=\"col-lg-12 col-sm-12 col-xs-12\">\n\n                    \n                        <h2 class=\"section-title\">LE COMICA C&#039;EST<\/h2>\n\n                    \n                <\/div>\n\n            <\/div>\n        \r\n                        <div class=\"row cons_light_team-counter-wrap\">\r\n                                                            <div class=\"col-lg-3 col-md-3 col-sm-6\">\r\n                                    <div class=\"cons_light_counter\">\r\n                                        <div class=\"cons_light_counter-icon\">\r\n                                            <i class=\"fas fa-user\"><\/i>\r\n                                        <\/div>\r\n\r\n                                        <div class=\"cons_light_counter-count odometer odometer1\" data-count=\"15\">\r\n                                            \r\n                                            99\r\n                                        <\/div>\r\n                                        <h6 class=\"cons_light_counter-title\">\r\n                                            MISS                                        <\/h6>\r\n                                    <\/div>\r\n                                <\/div>\r\n                                                            <div class=\"col-lg-3 col-md-3 col-sm-6\">\r\n                                    <div class=\"cons_light_counter\">\r\n                                        <div class=\"cons_light_counter-icon\">\r\n                                            <i class=\"fas fa-solid fa-star\"><\/i>\r\n                                        <\/div>\r\n\r\n                                        <div class=\"cons_light_counter-count odometer odometer2\" data-count=\"2\">\r\n                                            \r\n                                            99\r\n                                        <\/div>\r\n                                        <h6 class=\"cons_light_counter-title\">\r\n                                            Runner top model miss monde                                        <\/h6>\r\n                                    <\/div>\r\n                                <\/div>\r\n                                                            <div class=\"col-lg-3 col-md-3 col-sm-6\">\r\n                                    <div class=\"cons_light_counter\">\r\n                                        <div class=\"cons_light_counter-icon\">\r\n                                            <i class=\"fas fa-solid fa-thumbs-up\"><\/i>\r\n                                        <\/div>\r\n\r\n                                        <div class=\"cons_light_counter-count odometer odometer3\" data-count=\"1\">\r\n                                            \r\n                                            99\r\n                                        <\/div>\r\n                                        <h6 class=\"cons_light_counter-title\">\r\n                                            Million et plus d&#039;abonn\u00e9s                                        <\/h6>\r\n                                    <\/div>\r\n                                <\/div>\r\n                                                            <div class=\"col-lg-3 col-md-3 col-sm-6\">\r\n                                    <div class=\"cons_light_counter\">\r\n                                        <div class=\"cons_light_counter-icon\">\r\n                                            <i class=\"fas fa-regular fa-calendar\"><\/i>\r\n                                        <\/div>\r\n\r\n                                        <div class=\"cons_light_counter-count odometer odometer4\" data-count=\"18\">\r\n                                            \r\n                                            99\r\n                                        <\/div>\r\n                                        <h6 class=\"cons_light_counter-title\">\r\n                                            ans d&#039;existence                                        <\/h6>\r\n                                    <\/div>\r\n                                <\/div>\r\n                                                    \r\n                        <\/div>\r\n\r\n                    <\/div>\r\n                <\/section>\r\n            <\/div><\/div><\/div><\/div><\/div>","protected":false},"excerpt":{"rendered":"","protected":false},"author":1,"featured_media":200,"parent":0,"menu_order":0,"comment_status":"closed","ping_status":"closed","template":"elementor_header_footer","meta":{"footnotes":""},"class_list":["post-199","page","type-page","status-publish","has-post-thumbnail","hentry"],"_links":{"self":[{"href":"https:\/\/misscameroun.org\/index.php\/wp-json\/wp\/v2\/pages\/199","targetHints":{"allow":["GET"]}}],"collection":[{"href":"https:\/\/misscameroun.org\/index.php\/wp-json\/wp\/v2\/pages"}],"about":[{"href":"https:\/\/misscameroun.org\/index.php\/wp-json\/wp\/v2\/types\/page"}],"author":[{"embeddable":true,"href":"https:\/\/misscameroun.org\/index.php\/wp-json\/wp\/v2\/users\/1"}],"replies":[{"embeddable":true,"href":"https:\/\/misscameroun.org\/index.php\/wp-json\/wp\/v2\/comments?post=199"}],"version-history":[{"count":52,"href":"https:\/\/misscameroun.org\/index.php\/wp-json\/wp\/v2\/pages\/199\/revisions"}],"predecessor-version":[{"id":1704,"href":"https:\/\/misscameroun.org\/index.php\/wp-json\/wp\/v2\/pages\/199\/revisions\/1704"}],"wp:featuredmedia":[{"embeddable":true,"href":"https:\/\/misscameroun.org\/index.php\/wp-json\/"}],"wp:attachment":[{"href":"https:\/\/misscameroun.org\/index.php\/wp-json\/wp\/v2\/media?parent=199"}],"curies":[{"name":"wp","href":"https:\/\/api.w.org\/{rel}","templated":true}]}}